(base 14) to base 16
1cafe
Convert 102201002111211 (base 3) to base 4.
113232331123
What is 3173638 (base 12) in base 3?
122121102210122
-255667 (base 11) to base 2
-1100010010101001001
What is -210200202100 (base 3) in base 4?
-1220100012
Convert -a060b (base 12) to base 2.
-110010110101101011
21120112220 (base 3) to base 7
1160514
Convert 612060 (base 7) to base 16.
19623
Convert -780595 (base 10) to base 9.
-1418687
Convert 40343522 (base 6) to base 12.
474ba2
Convert 3450563 (base 11) to base 2.
10111000000110101111110
Convert 10404123 (base 5) to base 11.
62546
3140124 (base 7) to base 11
23a082
Convert -212022122012000 (base 3) to base 10.
-12393135
-7179a6 (base 11) to base 15
-17b74a
What is 3132001231 (base 4) in base 15?
12e6d1
What is -2200312230 (base 4) in base 8?
-2406654
Convert -20002201112 (base 3) to base 10.
-120083
Convert -1010122212 (base 4) to base 15.
-58070
Convert 340283 (base 13) to base 11.
76a050
Convert 50213 (base 6) to base 5.
202221
413ac (base 14) to base 12
76b38
Convert 266550 (base 9) to base 2.
100111100111110000
Convert -12302011 (base 4) to base 12.
-140b1
What is -2330202111 (base 4) in base 3?
-1110020022200
-230424301 (base 5) to base 14
-1cb4bd
What is 21e24 (base 15) in base 16?
1a521
What is -10bc3aa (base 14) in base 7?
-124610103
Convert -2534103 (base 7) to base 5.
-40443320
234323142 (base 6) to base 2
10000110101001110000110
Convert -96902 (base 13) to base 8.
-1022612
Convert -30556341 (base 7) to base 11.
-14a5067
220202211112 (base 3) to base 16
7709c
-10100000101011111 (base 2) to base 11
-568a2
32357 (base 9) to base 6
243124
Convert -1680088 (base 9) to base 8.
-3450477
What is -1313443141 (base 5) in base 15?
-4477eb
What is -204314343 (base 5) in base 6?
-30151152
10145235 (base 8) to base 16
20ca9d
Convert -2358781 (base 9) to base 13.
-35a3b2
What is -442412243 (base 5) in base 16?
-1d4ad2
What is 10420211222 (base 5) in base 8?
53654155
What is 77011 (base 8) in base 16?
7e09
What is -201202211100 (base 3) in base 5?
-44423120
What is 1336271 (base 9) in base 6?
23412531
What is 651564 (base 8) in base 15?
448b7
What is 796136 (base 12) in base 16?
1d963a
Convert 50047 (base 10) to base 9.
75577
-100202123 (base 4) to base 3
-10102220212
What is bbc971 (base 13) in base 5?
2113120441
What is 5ba985 (base 14) in base 9?
5816588
144411410 (base 5) to base 16
be2e4
-39311 (base 12) to base 8
-230575
What is 142a569 (base 14) in base 3?
200102012010000
202011020212021 (base 3) to base 2
101000110111010111101010
-1d285c (base 14) to base 5
-231404440
Convert 464246 (base 8) to base 3.
22000112202
Convert 431031433 (base 6) to base 11.
43279a2
What is 10a68 (base 13) in base 5?
1432322
Convert 223073 (base 10) to base 2.
110110011101100001
119a84 (base 16) to base 14
22060c
-1431200 (base 7) to base 2
-101111000000001001
240334311 (base 5) to base 14
20aca1
-312201012 (base 4) to base 3
-102100022110
b3a99 (base 15) to base 11
359881
-100124010 (base 5) to base 14
-a41c5
Convert 422c52 (base 14) to base 15.
2e27e5
What is a69a0 (base 12) in base 9?
363543
Convert 3403300424 (base 5) to base 16.
721bdf
1434360 (base 7) to base 12
94089
Convert 56317 (base 8) to base 2.
101110011001111
What is -2564202 (base 7) in base 11?
-209938
10200000 (base 4) to base 13
850b
What is -b24073 (base 14) in base 6?
-332404101
What is -84a12 (base 14) in base 10?
-320280
10101111101011111000 (base 2) to base 7
6054661
-3032120223 (base 4) to base 9
-1527543
What is -8b93d5 (base 15) in base 12?
-2293b85
-3a61d1 (base 15) to base 13
-7729ba
11aa5 (base 11) to base 6
212025
What is 207b7b (base 13) in base 10?
759926
Convert -1980636 (base 11) to base 5.
-1323321123
Convert 156664 (base 14) to base 9.
1358502
-200010211001202 (base 3) to base 11
-5495531
1751957 (base 12) to base 16
49c513
Convert -200012300 (base 4) to base 12.
-64128
What is 3bb25a (base 12) in base 15?
14978d
52908 (base 13) to base 11
a1818
Convert -104401023 (base 7) to base 11.
-3615587
What is 2444100 (base 6) in base 9?
218010
Convert 27043 (base 11) to base 3.
1222000100
Convert 5429126 (base 10) to base 4.
110231132012
What is 1223331013 (base 5) in base 8?
13177423
Convert -480157 (base 9) to base 4.
-1012200301
8200136 (base 9) to base 4
100222311030
Convert 25587 (base 9) to base 15.
51a1
-221111210100 (base 3) to base 5
-112032003
What is 166b0d (base 14) in base 6?
24511145
-56a47 (base 13) to base 4
-212200220
What is -42350024 (base 6) in base 15?
-1983da
-241641 (base 7) to base 4
-22231230
What is 17388 (base 14) in base 2?
1110001111011100
-10000001010110001000 (base 2) to base 13
-1571bb
Convert 14054226 (base 7) to base 11.
813499
What is 67893 (base 11) in base 14?
27b29
Convert 17303 (base 10) to base 13.
7b50
What is -1407872 (base 11) in base 9?
-4507018
What is -2762b (base 14) in base 10?
-97255
What is 15bbc3 (base 13) in base 12?
2207b7
What is 202403 (base 5) in base 3?
100001120
-110110100101011110010101 (base 2) to base 14
-1c86a69
-30b178 (base 14) to base 2
-110010001010110110110
-2010111013 (base 4) to base 12
-221807
Convert -a03a17 (base 16) to base 5.
-10142010011
3556392 (base 10) to base 6
204120440
What is 144511404 (base 7) in base 4?
210223302210
What is -6750b (base 15) in base 12?
-13a13b
-51130022 (base 7) to base 2
-10000001111111000111110
Convert 468b3d (base 15) to base 7.
40436233
What is -33505051 (base 6) in base 13?
-299218
What is -10410301 (base 5) in base 9?
-148243
What is 5743409 (base 10) in base 3?
101210210110212
What is 3427104 (base 9) in base 2?
111000011010111111101
Convert 7a4715 (base 14) to base 8.
17677417
Convert -6928d5 (base 15) to base 4.
-103021233101
111101001100111100 (base 2) to base 15
4e424
Convert -39c65e (base 16) to base 11.
-2156802
Convert -bca5 (base 15) to base 4.
-21300230
Convert -348c6 (base 13) to base 10.
-95985
Convert -120333201013 (base 4) to base 16.
-63f847
Convert -4103100033 (base 5) to base 3.
-120112022011222
-22320213203 (base 4) to base 16
-2b89e3
2537486 (base 10) to base 15
351cab
-1100001110101010111 (base 2) to base 7
-3256205
-345233140 (base 6) to base 12
-21927b0
3075402 (base 9) to base 14
30b2c5
Convert -11131111301 (base 4) to base 7.
-15106466
What is -11524342 (base 6) in base 13?
-cbca5
-232322014 (base 5) to base 8
-4021737
-100403 (base 12) to base 4
-330321003
What is 20013220 (base 4) in base 16?
81e8
Convert 17d2 (base 14) to base 6.
31524
What is 430345 (base 16) in base 8?
20601505
103314351 (base 6) to base 2
111000010011111011011
-612430 (base 7) to base 12
-5032a
What is 17862 (base 12) in base 10?
34058
-11221021111101 (base 3) to base 11
-1531a21
12224333 (base 5) to base 3
12222010200
What is -22894a (base 11) in base 13?
-c93c7
What is 14978 (base 11) in base 16?
5293
2a88047 (base 11) to base 5
2323001314
What is 199985 (base 11) in base 9?
515648
20144144 (base 5) to base 13
58c12
Convert -22210012121 (base 3) to base 11.
-108a14
What is -415107 (base 12) in base 7?
-11465626
122122022020 (base 3) to base 10
347226
-142211234 (base 5) to base 7
-6205434
Convert -13ab8a (base 13) to base 4.
-1311122113
100001110010000 (base 2) to base 6
212024
Convert 198431 (base 12) to base 13.
129a12
What is -2618a (base 11) in base 3?
-1220102102
What is 724328 (base 11) in base 9?
2161406
Convert -20020240 (base 5) to base 7.
-1224250
What is -16525b6 (base 14) in base 6?
-1030450244
What is 256c1 (base 13) in base 12?
34112
39575 (base 10) to base 5
2231300
Convert 17a3793 (base 11) to base 7.
34632626
444243104 (base 5) to base 4
13123100132
Convert 12200021000 (base 3) to base 14.
2ca06
Convert 657723 (base 10) to base 12.
278763
What is 25561a (base 11) in base 15?
7e4c4
2d833 (base 15) to base 4
203320131
What is 58755 (base 12) in base 9?
200582
What is -1001010100000101011 (base 2) in base 6?
-10312535
-517867 (base 10) to base 7
-4254550
Convert 1176198 (base 13) to base 4.
110221022301
Convert 685012 (base 12) to base 3.
10010201102112
What is 78a9c9 (base 14) in base 16?
3e9565
3527f (base 16) to base 5
23431402
What is 2044673 (base 10) in base 11?
1177214
-1081057 (base 9) to base 11
-36a335
What is -41411214 (base 5) in base 2?
-1010011010110111010
What is -50128 (base 15) in base 5?
-31102023
24015554 (bas